{"id":122,"date":"2025-06-04T16:46:50","date_gmt":"2025-06-04T14:46:50","guid":{"rendered":"https:\/\/abela-candles.com\/index.php\/prendre-un-rendez-vous\/"},"modified":"2025-06-06T15:11:04","modified_gmt":"2025-06-06T13:11:04","slug":"prendre-un-rendez-vous","status":"publish","type":"page","link":"https:\/\/abela-candles.com\/index.php\/prendre-un-rendez-vous\/","title":{"rendered":"Prendre un rendez-vous"},"content":{"rendered":"\n  \n    \n    <section class=\"u-align-center u-clearfix u-container-align-center u-white u-section-2\" id=\"sec-0377\">\n      <div class=\"u-clearfix u-sheet u-valign-middle-lg u-valign-middle-sm u-valign-middle-xl u-sheet-1\">\n        <div class=\"data-layout-selected u-clearfix u-expanded-width u-layout-wrap u-layout-wrap-1\">\n          <div class=\"u-layout\">\n            <div class=\"u-layout-row\">\n              <div class=\"u-container-style u-custom-color-2 u-layout-cell u-radius u-shape-round u-size-22-lg u-size-22-xl u-size-60-md u-size-60-sm u-size-60-xs u-layout-cell-1\" data-animation-name=\"customAnimationIn\" data-animation-duration=\"1500\">\n                <div class=\"u-container-layout u-valign-middle-lg u-valign-middle-sm u-valign-middle-xs u-container-layout-1\">\n                  <img decoding=\"async\" class=\"u-image u-image-contain u-image-default u-image-1\" src=\"https:\/\/abela-candles.com\/wp-content\/uploads\/2025\/06\/ABELLA-3.png\" alt=\"\" data-image-width=\"300\" data-image-height=\"150\">\n                  <p class=\"u-align-center u-text u-text-1\"> Lors de cet \u00e9change\npersonnalis\u00e9 avec la\ncr\u00e9atrice , nous d\u00e9finirons\nvos envies, vos besoins et\nconstruirons une cr\u00e9ation sur- <span style=\"font-weight: 300;\"><\/span>mesure \u00e0 l\u2019image de votre\n\u00e9v\u00e9nement. \n                  <\/p>\n                <\/div>\n              <\/div>\n              <div class=\"u-container-style u-layout-cell u-size-38-lg u-size-38-xl u-size-60-md u-size-60-sm u-size-60-xs u-layout-cell-2\" data-animation-name=\"customAnimationIn\" data-animation-duration=\"1500\" data-animation-delay=\"500\">\n                <div class=\"u-container-layout u-valign-bottom-md u-valign-middle-lg u-valign-middle-sm u-valign-middle-xs u-valign-top-xl u-container-layout-2\">\n                  <h3 class=\"u-align-center u-text u-text-2\"> Prenez votre rendez vous parmis les cr\u00e9neaux disponible !<\/h3>\n                  <div class=\"u-btn-round u-calendar u-radius u-spacing-30 u-calendar-1\" data-href=\"#popup-376d\" data-calendar-token=\"eyJhbGciOiJSU0EtT0FFUCIsImVuYyI6IkEyNTZHQ00ifQ.PGEZjHmSlfRTSz28Wa9aObEwcwa1Qc28rQq-SipieMJ3EfJbDtd99-3Skx_cvJgEWF1D1djQR8SMfVgRQlJfoSbGbkLjPJ4PStJ52xbuR1xCt3oc-jH63JTHKr6wU7C_SeUIqR3dIAbnD6f9i4Np9hp-irkassOm6W6mo40pxpbAhw3cVYHsGiLTDG9Yn2kv-OJJCqkfZpcWBG6xTOG3msDUiJFdW7Y4oeYxaXjKuL9zynlYLN8OlttjE7dEUcJLI7By0jc7Kmt5UkVXsjHn68qbrHIYJN3iJzgejWPdw0uxCy-lznOzFYJ_88gc4kJWMvhVUZUib5B-zS16Qf8Jow._RMbb_cLJJFO68hx.5HHwQ2aUVEPZ2DEZWwC6UPLE53TT1EhzD6qiLT349p9QRDz2f1xF_zif_0WeRHfdXMaJq7-wWx9lxvWNcGrj0Sfa7RAK.ijIs0S_dS1NoCVPAI7_IHw\">\n                    <div class=\"u-datepicker-container\" style=\"position: relative;\">\n                      <div class=\"datepicker\"><\/div>\n                    <\/div>\n                    <div class=\"u-calendar-time-container\">\n                      <div class=\"u-calendar-time-container-inner\">\n                        <div class=\"u-calendar-timezone u-text\"><\/div>\n                        <ul class=\"u-calendar-time-list u-unstyled\" style=\"height: 379px;\"><li class=\"fake u-active-custom-color-9 u-border-2 u-border-active-custom-color-8 u-border-custom-color-2 u-border-hover-custom-color-4 u-btn-round u-calendar-time-slot u-custom-color-4 u-custom-font u-font-montserrat u-hidden u-hover-custom-color-8 u-radius u-text-black u-calendar-time-slot-1\">--:--<\/li><\/ul>\n                      <\/div>\n                    <\/div>\n                    <div class=\"u-calendar-no-slots-message\">There are no available time slots for this date.<\/div>\n                    <div class=\"u-calendar-success-message\">You have successfully booked the appointment.<\/div>\n                    <div class=\"u-calendar-conflict-message\">Unable to book the appointment for this time slot. Please book another one.<\/div>\n                    <div class=\"u-calendar-error-message\">An unexpected error occurred.<\/div>\n                  <\/div>\n                <\/div>\n              <\/div>\n            <\/div>\n          <\/div>\n        <\/div>\n      <\/div>\n    <\/section>\n    \n    \n    \n    \n    \n    \n  \n","protected":false},"excerpt":{"rendered":"<p>Lors de cet \u00e9change personnalis\u00e9 avec la cr\u00e9atrice , nous d\u00e9finirons vos envies, vos besoins et construirons une cr\u00e9ation sur- mesure \u00e0 l\u2019image de votre \u00e9v\u00e9nement. Prenez votre rendez vous parmis les cr\u00e9neaux disponible ! &#8211;:&#8211; There are no available time slots for this date. You have successfully booked the appointment. Unable to book the &hellip; <a href=\"https:\/\/abela-candles.com\/index.php\/prendre-un-rendez-vous\/\" class=\"more-link\">Continue reading<span class=\"screen-reader-text\"> \u00ab\u00a0Prendre un rendez-vous\u00a0\u00bb<\/span><\/a><\/p>\n","protected":false},"author":1,"featured_media":0,"parent":0,"menu_order":3,"comment_status":"closed","ping_status":"closed","template":"","meta":{"footnotes":""},"class_list":["post-122","page","type-page","status-publish","hentry"],"_links":{"self":[{"href":"https:\/\/abela-candles.com\/index.php\/wp-json\/wp\/v2\/pages\/122","targetHints":{"allow":["GET"]}}],"collection":[{"href":"https:\/\/abela-candles.com\/index.php\/wp-json\/wp\/v2\/pages"}],"about":[{"href":"https:\/\/abela-candles.com\/index.php\/wp-json\/wp\/v2\/types\/page"}],"author":[{"embeddable":true,"href":"https:\/\/abela-candles.com\/index.php\/wp-json\/wp\/v2\/users\/1"}],"replies":[{"embeddable":true,"href":"https:\/\/abela-candles.com\/index.php\/wp-json\/wp\/v2\/comments?post=122"}],"version-history":[{"count":2,"href":"https:\/\/abela-candles.com\/index.php\/wp-json\/wp\/v2\/pages\/122\/revisions"}],"predecessor-version":[{"id":145,"href":"https:\/\/abela-candles.com\/index.php\/wp-json\/wp\/v2\/pages\/122\/revisions\/145"}],"wp:attachment":[{"href":"https:\/\/abela-candles.com\/index.php\/wp-json\/wp\/v2\/media?parent=122"}],"curies":[{"name":"wp","href":"https:\/\/api.w.org\/{rel}","templated":true}]}}